{"id":11,"date":"2007-06-27T17:32:27","date_gmt":"2007-06-27T15:32:27","guid":{"rendered":"http:\/\/blog.ravalnet.org\/aulamediaradio\/presentacio\/"},"modified":"2007-09-25T21:01:39","modified_gmt":"2007-09-25T19:01:39","slug":"presentacio","status":"publish","type":"page","link":"https:\/\/blog.ravalnet.org\/aulamediaradio\/presentacio\/","title":{"rendered":"Did\u00e0ctica"},"content":{"rendered":"<p><font color=\"#008000\">Quina metodologia did\u00e0ctica podem emprar? Com ho podem treballar per extreure\u2019n el m\u00e0xim rendiment?<\/font><\/p>\n<p><font color=\"#000000\"> Dedicarem aquesta primera jornada a la did\u00e0ctica, a l&#8217;exploraci\u00f3 de les diferents possibilitats que tenim per fer un \u00fas pedag\u00f2gic de les eines comunicatives que ens ofereix la r\u00e0dio per Internet. En aquesta primera jornada ens acompanyaran: l&#8217;<a href=\"http:\/\/bloc.ravalnet.org\/bloc\/bitacola_demestratic\" title=\"Mestretic\">Anna P\u00e8rez<\/a> i la <a href=\"http:\/\/phobos.xtec.net\/ceipdrassanes\/moodle\/user\/view.php?id=30&amp;course=1\" title=\"N\u00faria\">N\u00faria Cervera<\/a>, totes dues professores del CEIP Drassanes i membres de <a href=\"http:\/\/php.ravalnet.org\/ravalnet\/\" title=\"Ravalnet\">Ravalnet<\/a>,  la Xarxa Ciutadana del Raval i de la <a href=\"http:\/\/xer.cat\/moodle\/index.php\" title=\"XER\">XER<\/a>, Xarxa Educativa Ravalnet. <\/font><\/p>\n<p><font color=\"#000000\">Els nostres objectius per aquesta jornada s\u00f3n:<\/font><\/p>\n<ul>\n<li>Con\u00e8ixer les claus per tal d\u2019introduir el treball amb la r\u00e0dio a l\u2019escola i a l\u2019institut, de forma assequible pel professorat i atractiva pels estudiants.<\/li>\n<li>Reflexionar al voltant del treball transversal que aquest mitj\u00e0 ens permet realitzar.<\/li>\n<li>Con\u00e8ixer experi\u00e8ncies que s\u2019han dut a terme en diferents espais, formals i informals, d\u2019ensenyament.<\/li>\n<\/ul>\n<p><font color=\"#000000\">Per tal d&#8217;aconseguir aquests objectius, la N\u00faria i l&#8217;Anna ens han preparat la seg\u00fcent <a href=\"http:\/\/www.slideshare.net\/annaravalnet\/aulamedia07\/\" title=\"PresentacioAulamedia\">presentaci\u00f3:<\/a><\/font><\/p>\n<p><object type=\"application\/x-shockwave-flash\" data=\"https:\/\/s3.amazonaws.com:443\/slideshare\/ssplayer.swf?id=72064&amp;doc=aulamedia072919\" height=\"348\" width=\"425\"><param name=\"movie\" value=\"https:\/\/s3.amazonaws.com:443\/slideshare\/ssplayer.swf?id=72064&amp;doc=aulamedia072919\"><\/param><\/object><\/p>\n","protected":false},"excerpt":{"rendered":"<p>Quina metodologia did\u00e0ctica podem emprar? Com ho podem treballar per extreure\u2019n el m\u00e0xim rendiment? Dedicarem aquesta primera jornada a la did\u00e0ctica, a l&#8217;exploraci\u00f3 de les diferents possibilitats que tenim per fer un \u00fas pedag\u00f2gic de les eines comunicatives que ens ofereix la r\u00e0dio per Internet. En aquesta primera jornada ens acompanyaran: l&#8217;Anna P\u00e8rez i la [&hellip;]<\/p>\n","protected":false},"author":6,"featured_media":0,"parent":0,"menu_order":1,"comment_status":"open","ping_status":"open","template":"","meta":{"ngg_post_thumbnail":0,"footnotes":""},"class_list":["post-11","page","type-page","status-publish","hentry"],"_links":{"self":[{"href":"https:\/\/blog.ravalnet.org\/aulamediaradio\/wp-json\/wp\/v2\/pages\/11","targetHints":{"allow":["GET"]}}],"collection":[{"href":"https:\/\/blog.ravalnet.org\/aulamediaradio\/wp-json\/wp\/v2\/pages"}],"about":[{"href":"https:\/\/blog.ravalnet.org\/aulamediaradio\/wp-json\/wp\/v2\/types\/page"}],"author":[{"embeddable":true,"href":"https:\/\/blog.ravalnet.org\/aulamediaradio\/wp-json\/wp\/v2\/users\/6"}],"replies":[{"embeddable":true,"href":"https:\/\/blog.ravalnet.org\/aulamediaradio\/wp-json\/wp\/v2\/comments?post=11"}],"version-history":[{"count":0,"href":"https:\/\/blog.ravalnet.org\/aulamediaradio\/wp-json\/wp\/v2\/pages\/11\/revisions"}],"wp:attachment":[{"href":"https:\/\/blog.ravalnet.org\/aulamediaradio\/wp-json\/wp\/v2\/media?parent=11"}],"curies":[{"name":"wp","href":"https:\/\/api.w.org\/{rel}","templated":true}]}}