{"id":12,"date":"2007-06-29T11:47:16","date_gmt":"2007-06-29T09:47:16","guid":{"rendered":"http:\/\/blog.ravalnet.org\/casalnet07\/gira-gracia\/"},"modified":"2007-07-16T11:27:37","modified_gmt":"2007-07-16T09:27:37","slug":"gira-gracia","status":"publish","type":"page","link":"https:\/\/blog.ravalnet.org\/casalnet07\/gira-gracia\/","title":{"rendered":"Gira Gr\u00e0cia"},"content":{"rendered":"<p>Ei casaleros!<\/p>\n<p>Comencem la descoberta d&#8217;un nou barri, la vila de Gr\u00e0cia!<br \/>\nI ho farem d&#8217;una manera molt canyera, us proposem<br \/>\n<strong>La Gimcama Maratoniana de Gr\u00e0cia!<\/strong><br \/>\n&#8230; una manera molt especial de con\u00e9ixer el lloc.<\/p>\n<p>Aqu\u00ed tens el mapa de Gr\u00e0cia, imprescindible per no perdre&#8217;s,<br \/>\ntot i que diuen que preguntant s&#8217;arriba a Roma, oi? <strong>;-p<\/strong><br \/>\n<a href=\"http:\/\/blog.ravalnet.org\/casalnet07\/files\/2007\/07\/mapa_gracia.jpg\" title=\"Mapa de Gr\u00e0cia\"><img loading=\"lazy\" decoding=\"async\" src=\"http:\/\/blog.ravalnet.org\/casalnet07\/files\/2007\/07\/mapa_gracia.jpg\" alt=\"Mapa de Gr\u00e0cia\" height=\"569\" width=\"520\" \/><\/a><br \/>\n<font color=\"#808000\"> Recordeu que podeu clicar damunt del mapa per veure&#8217;l a tamany sencer i que el podeu imprimir.<\/font><\/p>\n<p><strong>Vols veure els llocs que hem conegut de Gr\u00e0cia?<br \/>\n<a href=\"http:\/\/blog.ravalnet.org\/casalnet07\/2007\/07\/12\/sortida-a-gracia\/\">Clica aqu\u00ed!<\/a><\/strong><\/p>\n<p>Aqu\u00ed pots trobar les quatre proves que hem preparat, podreu fer-les totes en una horeta i mitja?<\/p>\n<p><strong>Prova 1: Comprar, menjar&#8230;<br \/>\n<\/strong>Material necessari: c\u00e0mera de fotos, llapis i paper<br \/>\nLloc: Ateneu Rosa de Foc, c. Verntallat 26<br \/>\n<strong><a href=\"http:\/\/blog.ravalnet.org\/casalnet07\/2007\/07\/11\/gracia-comprar-menjar\/\" title=\"Gr\u00e0cia. Prova 1\">Clica aqu\u00ed per veure els detalls de la prova.<\/a><\/strong><\/p>\n<p><strong>Prova 2: La Pla\u00e7a del Diamant<br \/>\n<\/strong>Material necessari: c\u00e0mera de v\u00eddeo, llapis i paper<br \/>\nLloc: Pla\u00e7a del Diamant<br \/>\n<a href=\"http:\/\/blog.ravalnet.org\/casalnet07\/2007\/07\/11\/gracia-la-placa-del-diamant\/\"><strong> Clica aqu\u00ed per veure els detalls de la prova.<\/strong><\/a><\/p>\n<p><strong>Prova 3: Eix Verdi-Revoluci\u00f3-Mercat<br \/>\n<\/strong>Material necessari: c\u00e0mera de fotos, c\u00e0mera de v\u00eddeo, micro, tr\u00edpode, llapis i paper<br \/>\nLloc: Eix Verdi-Revoluci\u00f3-Mercat<br \/>\n<strong> <a href=\"http:\/\/blog.ravalnet.org\/casalnet07\/2007\/07\/11\/gracia-eix-verdi-revolucio-mercat\/\" title=\"Verdi, Revoluci\u00f3 i Mercat\">Clica aqu\u00ed per veure els detalls de la prova.<\/a><\/strong><\/p>\n<p><strong>Prova 4: La Pla\u00e7a Rius i Taulet<br \/>\n<\/strong>Material necessari: c\u00e0mera de fotos, llapis i paper<br \/>\nLloc: Pla\u00e7a Rius i Taulet<br \/>\n<strong> <a href=\"http:\/\/blog.ravalnet.org\/casalnet07\/2007\/07\/11\/gracia-la-placa-de-rius-i-taulet\/\" title=\"Rius i Taulet\">Clica aqu\u00ed per veure els detalls de la prova.<\/a><\/strong><\/p>\n","protected":false},"excerpt":{"rendered":"<p>Ei casaleros! Comencem la descoberta d&#8217;un nou barri, la vila de Gr\u00e0cia! I ho farem d&#8217;una manera molt canyera, us proposem La Gimcama Maratoniana de Gr\u00e0cia! &#8230; una manera molt especial de con\u00e9ixer el lloc. Aqu\u00ed tens el mapa de Gr\u00e0cia, imprescindible per no perdre&#8217;s, tot i que diuen que preguntant s&#8217;arriba a Roma, oi? [&hellip;]<\/p>\n","protected":false},"author":5,"featured_media":0,"parent":0,"menu_order":4,"comment_status":"open","ping_status":"open","template":"","meta":{"ngg_post_thumbnail":0,"footnotes":""},"class_list":["post-12","page","type-page","status-publish","hentry"],"_links":{"self":[{"href":"https:\/\/blog.ravalnet.org\/casalnet07\/wp-json\/wp\/v2\/pages\/12","targetHints":{"allow":["GET"]}}],"collection":[{"href":"https:\/\/blog.ravalnet.org\/casalnet07\/wp-json\/wp\/v2\/pages"}],"about":[{"href":"https:\/\/blog.ravalnet.org\/casalnet07\/wp-json\/wp\/v2\/types\/page"}],"author":[{"embeddable":true,"href":"https:\/\/blog.ravalnet.org\/casalnet07\/wp-json\/wp\/v2\/users\/5"}],"replies":[{"embeddable":true,"href":"https:\/\/blog.ravalnet.org\/casalnet07\/wp-json\/wp\/v2\/comments?post=12"}],"version-history":[{"count":0,"href":"https:\/\/blog.ravalnet.org\/casalnet07\/wp-json\/wp\/v2\/pages\/12\/revisions"}],"wp:attachment":[{"href":"https:\/\/blog.ravalnet.org\/casalnet07\/wp-json\/wp\/v2\/media?parent=12"}],"curies":[{"name":"wp","href":"https:\/\/api.w.org\/{rel}","templated":true}]}}