{"id":329,"date":"2009-06-28T23:30:42","date_gmt":"2009-06-28T21:30:42","guid":{"rendered":"http:\/\/blog.ravalnet.org\/casalnet09\/?page_id=329"},"modified":"2009-06-28T23:52:52","modified_gmt":"2009-06-28T21:52:52","slug":"programes","status":"publish","type":"page","link":"https:\/\/blog.ravalnet.org\/casalnet09\/tallers\/tallerdj\/programes\/","title":{"rendered":"Programes"},"content":{"rendered":"<h1>Programes d&#8217;\u00e0udio<\/h1>\n<p><a href=\"http:\/\/audacity.sourceforge.net\/about\/features\"><img loading=\"lazy\" decoding=\"async\" class=\"size-full wp-image-328 alignnone\" src=\"http:\/\/blog.ravalnet.org\/casalnet09\/files\/2009\/06\/audacity-logo-r_50pct.jpg\" alt=\"audacity-logo-r_50pct\" width=\"253\" height=\"100\" \/><\/a><a title=\"Breu tutorial Audacity\" href=\"http:\/\/phobos.xtec.net\/audiovisuals\/radio\/materials\/guia.pdf\" target=\"_blank\">Breu tutorial de l&#8217;Audacity<\/a><\/p>\n<p>Aquest \u00e9s un programa de lliure distribuci\u00f3. Qu\u00e8 vol dir? Que \u00e9s gratu\u00eft, que te&#8217;l pots descarregar i instal\u00b7lar lliurement. I a m\u00e9s, \u00e9s molt senzill, nom\u00e9s cal posar-hi ganes i comen\u00e7ar a editar!<\/p>\n<p>I si ets dels que utilitzes ordinadors diferents (al casal, a l&#8217;escola, a casa&#8230;) i vols dur amb t\u00fa sempre els programes que necessites, et recomanem les aplicacions <em>per endur<\/em>, que pots instal\u00b7lar en un llapis de mem\u00f2ria, o un cd, per fer-lo servir des de qualsevol ordinador&#8230; t&#8217;interessar\u00e0! Pots llegir <a title=\"Portable Apps\" href=\"http:\/\/jovesteb.org\/recursos\/weblog\/702.html\" target=\"_blank\">aquest petit article <\/a>on s&#8217;explica com descarregar-lo i instal\u00b7lar-lo.<\/p>\n<p><a title=\"Virtual Dj Demo\" href=\"http:\/\/es.virtualdj.com\/download\/trial.html\" target=\"_blank\"><img loading=\"lazy\" decoding=\"async\" class=\"alignnone size-full wp-image-330\" src=\"http:\/\/blog.ravalnet.org\/casalnet09\/files\/2009\/06\/virtualdj.jpg\" alt=\"virtualdj\" width=\"284\" height=\"153\" \/><\/a>http:\/\/www.habbolatinos.com\/tuto%20de%20virtual%20dj\/tuto%20Vrt%20DJ.htm<\/p>\n<p>Aquest programa \u00e9s una demo. Qu\u00e8 vol dir aix\u00f2? Que ens el deixen descarregar i fer-lo servir durant 20 dies sense limitacions, \u00e9s una manera de provar el programa abans de decidir si el comprem o no&#8230; \u00c9s un programa molt guapo, que fins i tot ens deixa emetre la nostra sessi\u00f3 en directe per internet! Per\u00f2 b\u00e9, aix\u00f2 ja \u00e9s una altra pel\u00b7l\u00edcula&#8230;<\/p>\n<p>Aqu\u00ed us deixem un videotutorial! Aquest \u00e9s el primer d&#8217;una s\u00e8rie de sis&#8230; \u00e9s introductori i serveix per con\u00e8ixer les finestres del programa i les eines que t\u00e9!<\/p>\n<p>[youtube]http:\/\/www.youtube.com\/watch?v=eZqAxXAtXnc[\/youtube]<\/p>\n","protected":false},"excerpt":{"rendered":"<p>Programes d&#8217;\u00e0udio Breu tutorial de l&#8217;Audacity Aquest \u00e9s un programa de lliure distribuci\u00f3. Qu\u00e8 vol dir? Que \u00e9s gratu\u00eft, que te&#8217;l pots descarregar i instal\u00b7lar lliurement. I a m\u00e9s, \u00e9s molt senzill, nom\u00e9s cal posar-hi ganes i comen\u00e7ar a editar! I si ets dels que utilitzes ordinadors diferents (al casal, a l&#8217;escola, a casa&#8230;) i [&hellip;]<\/p>\n","protected":false},"author":36,"featured_media":0,"parent":250,"menu_order":0,"comment_status":"open","ping_status":"open","template":"","meta":{"ngg_post_thumbnail":0,"footnotes":""},"class_list":["post-329","page","type-page","status-publish","hentry"],"_links":{"self":[{"href":"https:\/\/blog.ravalnet.org\/casalnet09\/wp-json\/wp\/v2\/pages\/329","targetHints":{"allow":["GET"]}}],"collection":[{"href":"https:\/\/blog.ravalnet.org\/casalnet09\/wp-json\/wp\/v2\/pages"}],"about":[{"href":"https:\/\/blog.ravalnet.org\/casalnet09\/wp-json\/wp\/v2\/types\/page"}],"author":[{"embeddable":true,"href":"https:\/\/blog.ravalnet.org\/casalnet09\/wp-json\/wp\/v2\/users\/36"}],"replies":[{"embeddable":true,"href":"https:\/\/blog.ravalnet.org\/casalnet09\/wp-json\/wp\/v2\/comments?post=329"}],"version-history":[{"count":4,"href":"https:\/\/blog.ravalnet.org\/casalnet09\/wp-json\/wp\/v2\/pages\/329\/revisions"}],"predecessor-version":[{"id":333,"href":"https:\/\/blog.ravalnet.org\/casalnet09\/wp-json\/wp\/v2\/pages\/329\/revisions\/333"}],"up":[{"embeddable":true,"href":"https:\/\/blog.ravalnet.org\/casalnet09\/wp-json\/wp\/v2\/pages\/250"}],"wp:attachment":[{"href":"https:\/\/blog.ravalnet.org\/casalnet09\/wp-json\/wp\/v2\/media?parent=329"}],"curies":[{"name":"wp","href":"https:\/\/api.w.org\/{rel}","templated":true}]}}